4
Suppose -921*m - 4*d = -926*m + 21281, -4*m + d + 17027 = 0. What is the thousands digit of m?
4
What is the units digit of 1 - (6 - 46912/(-6 - -10))?
3
Let v = -638 + 696. Let q(s) = -2*s**2 + 141*s + 108. What is the hundreds digit of q(v)?
5
Let a(l) = 270*l - 214. Let s(f) = -135*f + 107. Let y(t) = 4*a(t) + 7*s(t). What is the thousands digit of y(11)?
1
Suppose -196 = m + 2*l - 972, m + l = 781. What is the units digit of m?
6
Suppose -18 = 9*o, 6*y + 229 = 7*y - o. What is the hundreds digit of y?
2
What is the units digit of (-525 - 1)*(-3)/(14/(18480/36))?
0
Let m(l) = 2*l**2 + 43*l + 95. What is the units digit of m(-40)?
5
Suppose 69*z - 172180 - 22313 = 100275. What is the units digit of z?
2
Let o = -1095 + 1657. Suppose 3*j + 4*b - 516 = 326, -2*j - 3*b + o = 0. What is the hundreds digit of j?
2
Suppose -5*x - 3*j - 2 = -5*j, 4*x + 5*j - 5 = 0. Suppose x = -40*t + 23801 + 8759. What is the tens digit of t?
1
Let g(a) = -13*a + 178. Let m be g(14). What is the hundreds digit of (-2 - 1886/m) + (-15)/30?
4
Suppose 49*u - 7 = 48*u. Suppose u*v - 6*v = 5. What is the tens digit of 6*7 - (v - 5)?
4
Let z = -953 - -8450. What is the thousands digit of z?
7
Suppose 0 = -16*i + 402*i - 1100100. What is the tens digit of i?
5
Suppose 491*h + 49407 = 496*h - 2*l, -3*h - 5*l + 29638 = 0. What is the units digit of h?
1
Let k = 208 - 179. Suppose -k*t = -17*t - 3852. What is the hundreds digit of t?
3
Suppose -4*i = -3*n - 23, 11 + 6 = -4*i - 5*n. Suppose -i*r = -5*x + 417 + 735, 3*x + r = 700. Suppose 5*o + 2*u = x, 2*u = 4 - 2. What is the tens digit of o?
4
Let x be ((-8)/6)/(10/(-1875)). Let y(c) = 2*c**3 - 25*c**2 - c + 12. Let s be y(13). Let v = x - s. What is the tens digit of v?
8
Let q = -36772 + 98982. What is the hundreds digit of q?
2
Suppose 4 = -5*c - 5*b + 19, -3*c = -4*b + 5. Let x = c + 2. What is the units digit of ((x - 3) + 9)*376/12?
2
Let p be (-9 - -7)/(1 - -1) + 147. Suppose -p*h - 1503 = -149*h. What is the hundreds digit of h?
5
Let c(j) = -2*j + 38. Let w be c(17). Suppose -w - 14 = -9*x. What is the tens digit of x/(-14) + -6 + (-7455)/(-49)?
4
Suppose z - 6*z = -20. Suppose k + c = z*c + 244, -2*c - 484 = -2*k. Let v = k + -169. What is the tens digit of v?
7
Suppose -2*g - 4*b = -17380, -9*g - 3*b = -20*g + 95740. What is the tens digit of g?
0
Let h = 5133 + -1727. What is the units digit of h?
6
Let q(r) = -4 - 113*r - 78*r + 2 - 2. What is the tens digit of q(-2)?
7
Suppose 0 = 4*c + 2*q + 290, 3*q + 361 = -12*c + 7*c. Let k = c + 77. What is the units digit of k?
3
Let a(l) = -5*l + 69. Let j be a(-9). Suppose -2*v - j = -2*c, -5*c + 3*v = -109 - 172. What is the tens digit of c?
5
Suppose -41*b = b. Suppose 5*m + b*m = 3540. What is the tens digit of m?
0
Suppose 92*b = 82*b + 40. Suppose 4*n - 3*s = -n + 2041, s = 3*n - 1223. Suppose n = b*c - 5. What is the hundreds digit of c?
1
Let o = 451 - 241. Suppose 0 = -13*z + o + 24. What is the tens digit of z?
1
Suppose 9*p + 0 - 9 = 0. Let w(o) = 387*o - 57. What is the units digit of w(p)?
0
Let p(j) = 1584*j**3 + 59*j**2 - 120*j - 3. What is the ten thousands digit of p(2)?
1
Let t(m) = -7 + 24 - 3*m + 2*m - 14. Let f be t(-4). Suppose -f*y + 860 = -3*y. What is the units digit of y?
5
Let o = -111 - -847. Suppose -j - 3*m + 421 = -335, -m = -j + o. What is the tens digit of j?
4
Let n(z) = z**3 + 8*z**2 - 70*z + 4. Let f be n(5). What is the hundreds digit of 14811/21 + 6/f?
7
Let l be 141*2*(-3)/9. Let t = 22 - l. What is the tens digit of t/3 - 8/12?
3
Suppose 718729 = 115*z - 294881. What is the tens digit of z?
1
Suppose 0 = 2*k + 7*k - 459. Suppose -k*f + 48*f = -270. What is the tens digit of f?
9
Suppose -2*b - 4*q = -20, 4*q + q = b + 4. Let k(f) = -f**2 - 3*f + 15. Let g be k(b). Let v = g + 56. What is the units digit of v?
7
Let p(o) be the third derivative of 7*o**5/20 + 5*o**3/2 + 13*o**2. Let h(q) be the first derivative of p(q). What is the tens digit of h(2)?
8
Let i(n) be the first derivative of -2*n**3/3 - 43*n**2/2 - 9*n + 3. Let a = 1087 + -1104. What is the hundreds digit of i(a)?
1
Let t = -157 + 87. Let z = 36 - t. What is the units digit of z?
6
Let z = 6556 - 4682. Suppose -x + 962 = 2*j, 0 = -3*x + 3*j + z + 1003. What is the tens digit of x?
6
Suppose -h = 5*u - 4, 3*u + 2*h = -0*h + 8. Suppose -3*a - 7*a + 30 = u. What is the units digit of 81/a + 2 + 0?
9
Suppose -3*n - 16 = -4. Let k = 1923 + -1927. What is the units digit of 10*(11 - n/k)?
0
Suppose -l + 40 = 2*m, 0 = 5*m + l + 4*l - 95. Let t = m + -18. What is the units digit of 31 + (2 - 2) - t?
8
Let o = -18 - -25. Suppose -10*j + 975 = -o*j. What is the units digit of -5*(-10)/j + (-5066)/(-26)?
5
Let o(f) = -2*f**3 - 73*f**2 + 43*f - 90. Let p be o(-37). Let b = p - -709. What is the tens digit of b?
9
Suppose 0 = -4*i - 7 - 9, 3*i = 3*r - 60147. What is the tens digit of r?
4
Let h = 140 - 50. Let f = 223 + h. What is the tens digit of f?
1
Let g(a) = 9*a**3 - 3*a**2 - 2. Let u be g(3). Let o = 346 - u. Suppose 3*s = -4*l + 248, -2*s + 4*l = -0*l - o. What is the units digit of s?
6
Suppose l - 7*l = -2*l. Let m be (-6)/(-8)*(-3 - -7). Suppose -m*o - 18 = -t, 4*t + 3*o - 13 - 44 = l. What is the units digit of t?
5
Let f = 230 + -240. What is the units digit of (-5760)/432*-6*(-3)/f?
4
Let v be -1 - (2/(-4))/(1/106). Suppose -z = -3*d + 2, -4*z + d = 4*d - v. Suppose 6*g + z = 11*g. What is the units digit of g?
2
Suppose 2*t + 47*n - 27405 = 44*n, -4*n = -5*t + 68524. What is the tens digit of t?
0
Let x be (5 + -4 + 4 + -2)/1. Suppose -x*g + 2*q = -1283 - 166, g - 484 = q. What is the units digit of g?
1
Suppose 6*k - 35509 - 82702 - 213343 = 0. What is the units digit of k?
9
Suppose -2*g - 2*g + 40 = 0. Suppose 5*f - 50 - g = 0. Suppose -1809 = 3*o - f*o. What is the units digit of o?
1
Let q(a) = 13*a + 2 + 5 + 416*a**2 + 611*a**2 - 11*a - 5. What is the thousands digit of q(-1)?
1
Let v = -14 - -82. Let y = -66 + v. What is the units digit of 117 - y - (-8 + 8)?
5
Let p be 14 + -6 - 4*1. Suppose -506 = -p*i + 218. Suppose 17*o - 6 = i. What is the tens digit of o?
1
Suppose -3*s - 60 = -6*s. Let g = 0 + s. What is the units digit of 6/(-8) - (-1 - 995/g)?
0
Let o(r) = -9*r + 14. Let k be o(1). Suppose 3*v - k*p = 902, 0*p = 5*v + 5*p - 1450. What is the units digit of v?
4
Let o = -384 + 395. Suppose -o*q + 4716 = q. What is the units digit of q?
3
Let f(o) = -o**3 - 10*o**2 + 4. Let j be f(-10). Suppose 14*b + j*b - 9828 = 0. What is the tens digit of b?
4
Let l(m) = -m**2 + 143*m + 2618. What is the thousands digit of l(130)?
4
Let d = 38202 - 12713. What is the hundreds digit of d?
4
What is the tens digit of 17/((-408)/(-218736)) + 0 + -1 + 3?
1
Let h = -7550 + 84788. What is the units digit of h?
8
Let c be 2*2/(-4) - -1. Suppose c = 11*l - 8*l. Suppose 3*s = l, -k = -0*k - 2*s - 80. What is the tens digit of k?
8
What is the tens digit of (0 - -2)/2 - 91392/(96/(-6))?
1
Let b(s) = 7*s**2 - 2*s + 11. Let x be b(14). Suppose 26*i - x - 4287 = 0. What is the hundreds digit of i?
2
What is the hundreds digit of ((-4007157)/132 + 2/(-8))*(-4)/10?
1
What is the hundreds digit of ((5308/3)/(-2))/((-2528)/(-96) + -27)?
3
Let o(h) = -25236*h - 3832. What is the units digit of o(-2)?
0
Suppose 582 = -4*f + v, -f + 3*v - 174 = -34. Let s = 208 + f. What is the units digit of s?
2
Let f be -5 + (-165)/(-35) + 39990/21. Suppose 1428 = 5*z - 2*z - 4*d, -4*z + f = -5*d. What is the tens digit of z?
7
Suppose -5*n - 97026 = -3*t, -37*n + 97026 = 3*t - 40*n. What is the ten thousands digit of t?
3
What is the hundreds digit of (-197800)/(-8 + -2) - -24?
8
Let f(u) = -113*u - 78. Suppose -3*p = 3, p - 7 = 3*c + 4. What is the tens digit of f(c)?
7
What is the units digit of ((-916)/(-6))/(80/480)?
6
Suppose -8*g + p - 292 = -11*g, -3*p = -12. Suppose 336 = w - 5*n, -3*n + 1888 = 5*w + g. What is the units digit of w?
6
Suppose 0 = 5*b + 2*t - 318, -9*b + 5*t = -14*b + 330. Let i = 49 + -83. Let j = i + b. What is the units digit of j?
8
Let i be 10/2 - ((-1 - -8) + -5). Suppose i*c + 12*c = 11385. What is the tens digit of c?
5
Suppose -44 = -5*h - 4. What is the units digit of (-148)/h*72/(-3)?
4
Let p be (-8 - 2) + (-91 - 19). Suppose -4*j = -3*j - 58. Let w = j -